vert 9253 (base 13) to base 16.
4ed3
11241 (base 10) to base 5
324431
What is -1111110111 (base 2) in base 16?
-3f7
What is -1132 (base 4) in base 8?
-136
Convert 9235 (base 10) to base 12.
5417
Convert 2ba (base 14) to base 8.
1054
Convert -112100 (base 3) to base 5.
-3022
44c (base 13) to base 14
3ac
What is 893 (base 10) in base 8?
1575
Convert 245052 (base 6) to base 10.
21848
Convert -11000010000 (base 2) to base 10.
-1552
What is 107520 (base 8) in base 4?
20331100
Convert 6e1e (base 16) to base 5.
1400230
Convert -1303 (base 7) to base 15.
-22d
Convert 110011000111111 (base 2) to base 8.
63077
Convert -6083 (base 9) to base 2.
-1000101100001
What is 2794 (base 13) in base 11?
4310
What is -26305 (base 10) in base 5?
-1320210
-3312213 (base 5) to base 2
-1101111101011111
What is -326 (base 16) in base 15?
-38b
What is -30a39 (base 12) in base 9?
-106330
Convert -2210002 (base 3) to base 13.
-bcc
Convert -133a (base 11) to base 12.
-1009
What is 780 (base 10) in base 9?
1056
What is -151444 (base 6) in base 2?
-11100100110100
What is 3100 (base 4) in base 7?
415
What is -c66 (base 13) in base 4?
-201000
11652 (base 7) to base 2
110000000011
2b5e (base 16) to base 12
6512
Convert 2694 (base 16) to base 9.
14483
Convert 1100301 (base 4) to base 12.
2ba9
What is -127 (base 14) in base 10?
-231
-519 (base 14) to base 16
-3eb
What is -11022120 (base 3) in base 7?
-12114
Convert -9446 (base 10) to base 5.
-300241
Convert 2a6b (base 16) to base 7.
43442
What is 8695 (base 13) in base 3?
221200001
Convert -2570 (base 9) to base 7.
-5421
Convert -101111000001 (base 2) to base 4.
-233001
What is -11155 (base 6) in base 9?
-2148
Convert -48 (base 14) to base 7.
-121
What is -14056 (base 7) in base 2?
-111011100110
What is 561 (base 11) in base 9?
826
-1130002 (base 4) to base 8
-13402
Convert -28441 (base 9) to base 3.
-222111101
Convert 15a1 (base 11) to base 16.
7ff
What is -4ec (base 16) in base 12?
-890
What is -45026 (base 7) in base 15?
-355e
8734 (base 11) to base 12
6810
9528 (base 16) to base 9
57336
-1178 (base 15) to base 14
-14d3
310110 (base 5) to base 11
7599
-1545 (base 8) to base 6
-4005
Convert 111120 (base 3) to base 9.
446
What is 10303121 (base 4) in base 3?
222222122
-1a1 (base 15) to base 9
-457
-1200210111 (base 3) to base 13
-12271
Convert -15350 (base 8) to base 15.
-2093
Convert -12033 (base 4) to base 11.
-333
What is 6833 (base 10) in base 13?
3158
-1010011000011 (base 2) to base 5
-132230
What is 8031 (base 9) in base 2?
1011011100100
Convert -10322 (base 6) to base 14.
-734
-220223 (base 6) to base 13
-83b5
Convert 60d9 (base 16) to base 13.
b392
What is 1011111111 (base 2) in base 5?
11032
Convert -7624 (base 8) to base 13.
-1a7a
Convert 23191 (base 11) to base 10.
33496
-271 (base 10) to base 7
-535
Convert 12702 (base 8) to base 15.
19b5
What is 18b18 (base 13) in base 3?
2102212102
What is 37734 (base 8) in base 9?
24374
Convert -8256 (base 12) to base 5.
-423203
1720 (base 10) to base 14
8ac
-203100 (base 4) to base 5
-33011
What is -2382 (base 13) in base 14?
-1b79
Convert 122 (base 16) to base 8.
442
What is -114 (base 16) in base 15?
-136
-478 (base 9) to base 14
-203
Convert -1560 (base 7) to base 12.
-446
-648 (base 11) to base 13
-47b
15728 (base 12) to base 10
30416
What is 1946 (base 11) in base 8?
4646
What is -2331 (base 14) in base 4?
-1133213
What is 2340444 (base 5) in base 3?
2012022211
2553 (base 7) to base 2
1111001001
ad (base 14) to base 12
109
What is 7a8 (base 13) in base 3?
1210221
Convert 1000110001010 (base 2) to base 13.
2075
-111001110010 (base 2) to base 6
-25042
What is 112002001 (base 3) in base 16?
2815
Convert -236 (base 9) to base 13.
-120
-3487 (base 9) to base 10
-2590
302 (base 4) to base 14
38
What is -201303 (base 4) in base 3?
-2222010
Convert 814 (base 10) to base 3.
1010011
What is 18a0 (base 13) in base 3?
12001021
Convert -9b (base 15) to base 11.
-123
-335 (base 16) to base 10
-821
What is 120003 (base 6) in base 9?
15203
Convert -312 (base 12) to base 2.
-110111110
What is 960 (base 11) in base 15?
520
2123 (base 10) to base 4
201023
-2234300 (base 5) to base 14
-107b8
Convert -202120110 (base 3) to base 15.
-469c
Convert eb9 (base 15) to base 7.
12456
Convert 4065 (base 7) to base 9.
1846
-4441 (base 7) to base 14
-821
What is 11000000000011 (base 2) in base 16?
3003
Convert -10544 (base 6) to base 16.
-5e0
244245 (base 6) to base 7
120161
What is 227 (base 9) in base 16?
bb
What is -13a7 (base 13) in base 4?
-230121
Convert 12033 (base 4) to base 7.
1110
101111 (base 5) to base 4
303101
-1081 (base 11) to base 9
-1847
-44 (base 11) to base 16
-30
b98 (base 15) to base 9
3528
Convert -10b2 (base 15) to base 13.
-17c6
Convert -13430 (base 8) to base 15.
-1b42
-143 (base 8) to base 7
-201
593 (base 10) to base 3
210222
What is 57844 (base 9) in base 15?
b681
Convert 3ca (base 16) to base 15.
44a
Convert 3759 (base 10) to base 2.
111010101111
Convert 1062 (base 11) to base 2.
10101110111
-514001 (base 6) to base 16
-a051
131222 (base 5) to base 16
1443
What is -21541 (base 12) in base 14?
-12049
Convert -30322121 (base 4) to base 2.
-1100111010011001
-679 (base 12) to base 7
-2535
-487 (base 11) to base 14
-2d5
What is 4312402 (base 5) in base 4?
101302110
What is -47546 (base 11) in base 6?
-1245144
-307 (base 11) to base 2
-101110010
-ab5 (base 13) to base 7
-5234
What is -385 (base 14) in base 16?
-2c1
What is 7365 (base 14) in base 9?
30244
What is 14cc (base 16) in base 3?
21022012
Convert -1201 (base 5) to base 12.
-128
-11011100101 (base 2) to base 5
-24030
Convert 25202 (base 6) to base 13.
1922
What is -d13 (base 15) in base 13?
-1455
What is 116142 (base 7) in base 15?
64d0
Convert -57e5 (base 16) to base 3.
-1010212101
What is -2427 (base 9) in base 6?
-12211
What is -50 (base 16) in base 9?
-88
What is 124d (base 16) in base 4?
1021031
What is 1660 (base 7) in base 4?
22213
What is -747 (base 9) in base 8?
-1142
What is 682a (base 13) in base 9?
21878
Convert -1409 (base 15) to base 9.
-5780
What is -232 (base 8) in base 3?
-12201
2a8 (base 11) to base 5
2420
What is 765 (base 15) in base 2?
11010000110
Convert -61b6 (base 15) to base 16.
-50a6
Convert -38aa (base 11) to base 9.
-6865
What is -34a4 (base 13) in base 10?
-7401
What is 2103441 (base 5) in base 16?
8837
What is 3106 (base 8) in base 9?
2174
What is -ad9 (base 16) in base 13?
-1358
Convert -465 (base 8) to base 9.
-373
What is 101202011 (base 3) in base 10?
7834
Convert -10100110011000 (base 2) to base 6.
-121144
146227 (base 8) to base 6
1042251
What is 5815 (base 10) in base 16?
16b7
What is -b134 (base 14) in base 4?
-13123122
What is -201200 (base 3) in base 13?
-31b
Convert 1150 (base 6) to base 9.
343
-390 (base 11) to base 16
-1ce
-134021 (base 6) to base 7
-51364
Convert 12129 (base 10) to base 14.
45c5
What is 121200 (base 4) in base 9?
2213
-187f (base 16) to base 13
-2b15
1321 (base 14) to base 9
4544
What is -1026 (base 13) in base 14?
-b53
2369 (base 10) to base 2
100101000001
132103 (base 4) to base 5
30224
What is -1011001001001011 (base 2) in base 15?
-d7cd
-d3bb (base 15) to base 3
-2021100112
Convert -621 (base 15) to base 4.
-111211
Convert 40625 (base 7) to base 10.
9917
Convert 11000010 (base 2) to base 4.
3002
-6a8 (base 11) to base 6
-3524
What is 1c823 (base 13) in base 16?
dbf2
Convert 1462 (base 8) to base 10.
818
What is -17e (base 16) in base 2?
-101111110
-245 (base 9) to base 6
-535
What is 196a (base 13) in base 2?
111011011110
-10010101011101100 (base 2) to base 15
-17a19
What is -ec95 (base 15) in base 2?
-1100001110101010
What is 842 (base 9) in base 12?
492
What is -705 (base 9) in base 16?
-23c
What is -111000 (base 3) in base 4?
-11133
What is 213 (base 14) in base 2?
110011001
What is 2351 (base 10) in base 11?
1848
456332 (base 7) to base 4
103320311
Convert -39e9 (base 15) to base 8.
-30121
-1112103 (base 4) to base 2
-1010110010011
Convert 101120112 (base 3) to base 7.
31322
Convert -436152 (base 7) to base 6.
-1350303
Convert -c60b (base 16) to base 8.
-143013
1112021111 (base 3) to base 16
758b
1100123 (base 4) to base 2
1010000011011
What is -2886 (base 11) in base 12?
-21a4
What is 15735 (base 9) in base 11?
8133
Convert 11012 (base 3) to base 8.
161
